ate the remainder when 5666 is divided by 218.
216
What is the remainder when 124 is divided by 103?
21
What is the remainder when 1519 is divided by 502?
13
Calculate the remainder when 551 is divided by 378.
173
What is the remainder when 1325 is divided by 12?
5
Calculate the remainder when 683 is divided by 84.
11
Calculate the remainder when 45 is divided by 19.
7
What is the remainder when 7343 is divided by 102?
101
Calculate the remainder when 105 is divided by 29.
18
What is the remainder when 7553 is divided by 7?
0
Calculate the remainder when 1252 is divided by 193.
94
What is the remainder when 431 is divided by 47?
8
What is the remainder when 19655 is divided by 156?
155
Calculate the remainder when 99 is divided by 49.
1
What is the remainder when 22033 is divided by 46?
45
Calculate the remainder when 567 is divided by 17.
6
Calculate the remainder when 2932 is divided by 38.
6
Calculate the remainder when 170 is divided by 19.
18
What is the remainder when 523 is divided by 60?
43
Calculate the remainder when 13907 is divided by 107.
104
Calculate the remainder when 160 is divided by 1.
0
What is the remainder when 751 is divided by 13?
10
What is the remainder when 144 is divided by 60?
24
What is the remainder when 905 is divided by 41?
3
What is the remainder when 14525 is divided by 227?
224
What is the remainder when 180 is divided by 7?
5
Calculate the remainder when 1785 is divided by 890.
5
What is the remainder when 45 is divided by 8?
5
Calculate the remainder when 265 is divided by 38.
37
What is the remainder when 179 is divided by 28?
11
Calculate the remainder when 307 is divided by 149.
9
Calculate the remainder when 2245 is divided by 113.
98
What is the remainder when 81 is divided by 65?
16
What is the remainder when 625 is divided by 19?
17
Calculate the remainder when 194 is divided by 52.
38
Calculate the remainder when 411 is divided by 39.
21
What is the remainder when 1074 is divided by 43?
42
Calculate the remainder when 966 is divided by 51.
48
Calculate the remainder when 299 is divided by 101.
97
What is the remainder when 271 is divided by 61?
27
Calculate the remainder when 286 is divided by 51.
31
Calculate the remainder when 540 is divided by 260.
20
Calculate the remainder when 443 is divided by 32.
27
What is the remainder when 1106 is divided by 296?
218
What is the remainder when 248 is divided by 62?
0
Calculate the remainder when 76 is divided by 50.
26
Calculate the remainder when 26 is divided by 21.
5
What is the remainder when 1829 is divided by 131?
126
What is the remainder when 401 is divided by 203?
198
Calculate the remainder when 2481 is divided by 92.
89
Calculate the remainder when 481 is divided by 152.
25
Calculate the remainder when 1196 is divided by 63.
62
What is the remainder when 157 is divided by 101?
56
Calculate the remainder when 139 is divided by 110.
29
Calculate the remainder when 118 is divided by 4.
2
Calculate the remainder when 590 is divided by 154.
128
What is the remainder when 1089 is divided by 10?
9
Calculate the remainder when 1142 is divided by 52.
50
What is the remainder when 336 is divided by 7?
0
What is the remainder when 698 is divided by 20?
18
What is the remainder when 9433 is divided by 2354?
17
What is the remainder when 268 is divided by 47?
33
What is the remainder when 2336 is divided by 1163?
10
What is the remainder when 127 is divided by 9?
1
Calculate the remainder when 278 is divided by 52.
18
Calculate the remainder when 1016 is divided by 15.
11
What is the remainder when 3803 is divided by 119?
114
Calculate the remainder when 428 is divided by 53.
4
What is the remainder when 50 is divided by 48?
2
Calculate the remainder when 16939 is divided by 70.
69
Calculate the remainder when 422 is divided by 9.
8
Calculate the remainder when 742 is divided by 93.
91
What is the remainder when 1594 is divided by 28?
26
Calculate the remainder when 249 is divided by 12.
9
What is the remainder when 832 is divided by 5?
2
What is the remainder when 32 is divided by 23?
9
Calculate the remainder when 2555 is divided by 142.
141
What is the remainder when 212 is divided by 50?
12
What is the remainder when 1487 is divided by 31?
30
Calculate the remainder when 1104 is divided by 130.
64
What is the remainder when 74 is divided by 68?
6
Calculate the remainder when 343 is divided by 8.
7
Calculate the remainder when 3595 is divided by 18.
13
What is the remainder when 56 is divided by 29?
27
What is the remainder when 1713 is divided by 101?
97
What is the remainder when 14298 is divided by 26?
24
Calculate the remainder when 19 is divided by 5.
4
What is the remainder when 795 is divided by 277?
241
Calculate the remainder when 380 is divided by 9.
2
Calculate the remainder when 29912 is divided by 155.
152
Calculate the remainder when 2620 is divided by 19.
17
Calculate the remainder when 105 is divided by 16.
9
What is the remainder when 2589 is divided by 99?
15
What is the remainder when 10 is divided by 1?
0
Calculate the remainder when 3533 is divided by 107.
2
Calculate the remainder when 1001 is divided by 89.
22
Calculate the remainder when 208 is divided by 21.
19
Calculate the remainder when 60 is divided by 35.
25
What is the remainder when 106 is divided by 89?
17
Calculate the remainder when 3254 is divided by 252.
230
Calculate the remainder when 155 is divided by 23.
17
Calculate the remainder when 94 is divided by 41.
12
Calculate the remainder when 492 is divided by 79.
18
Calculate the remainder when 608 is divided by 202.
2
Calculate the remainder when 1036 is divided by 104.
100
What is the remainder when 580 is divided by 285?
10
What is the remainder when 510 is divided by 4?
2
Calculate the remainder when 1875 is divided by 937.
1
What is the remainder when 159 is divided by 42?
33
What is the remainder when 2552 is divided by 1263?
26
What is the remainder when 301 is divided by 38?
35
What is the remainder when 164 is divided by 57?
50
Calculate the remainder when 1952 is divided by 107.
26
Calculate the remainder when 142 is divided by 24.
22
What is the remainder when 89 is divided by 40?
9
What is the remainder when 2235 is divided by 172?
171
What is the remainder when 1976 is divided by 18?
14
What is the remainder when 123 is divided by 25?
23
Calculate the remainder when 3182 is divided by 18.
14
Calculate the remainder when 3068 is divided by 99.
98
What is the remainder when 71 is divided by 2?
1
What is the remainder when 128 is divided by 20?
8
Calculate the remainder when 2208 is divided by 112.
80
What is the remainder when 150 is divided by 32?
22
What is the remainder when 2099 is divided by 2099?
0
Calculate the remainder when 2664 is divided by 442.
12
What is the remainder when 116 is divided by 35?
11
What is the remainder when 596 is divided by 10?
6
What is the remainder when 1239 is divided by 17?
15
What is the remainder when 1467 is divided by 16?
11
What is the remainder when 564 is divided by 81?
78
Calculate the remainder when 179 is divided by 45.
44
What is the remainder when 797 is divided by 74?
57
Calculate the remainder when 1028 is divided by 5.
3
What is the remainder when 95 is divided by 20?
15
Calculate the remainder when 3106 is divided by 515.
16
What is the remainder when 2101 is divided by 96?
85
What is the remainder when 215 is divided by 31?
29
What is the remainder when 1597 is divided by 35?
22
What is the remainder when 230 is divided by 75?
5
What is the remainder when 4773 is divided by 239?
232
Calculate the remainder when 14670 is divided by 201.
198
What is the remainder when 121 is divided by 12?
1
Calculate the remainder when 453 is divided by 19.
16
What is the remainder when 618 is divided by 10?
8
Calculate the remainder when 92 is divided by 8.
4
Calculate the remainder when 118 is divided by 24.
22
Calculate the remainder when 297 is divided by 105.
87
Calculate the remainder when 257 is divided by 6.
5
Calculate the remainder when 1655 is divided by 41.
15
What is the remainder when 1561 is divided by 372?
73
What is the remainder when 141 is divided by 30?
21
Calculate the remainder when 840 is divided by 164.
20
What is the remainder when 1026 is di